11 prime?
False
Is 23965135 prime?
False
Is 1793717 a prime number?
True
Is 4422685 composite?
True
Is 2448247 a prime number?
False
Is 139354078 composite?
True
Is 19691663 prime?
False
Is 972787 composite?
False
Is 10758169 composite?
False
Is 45958561 a prime number?
False
Is 306083 a prime number?
True
Is 5024365 prime?
False
Is 33128951 prime?
False
Is 83137 prime?
True
Is 232612909 composite?
True
Is 421391 composite?
True
Is 2473907 a prime number?
True
Is 70769471 a composite number?
True
Is 9876899 prime?
True
Is 28783 prime?
False
Is 27793691 a composite number?
True
Is 38232401 prime?
True
Is 1249404557 prime?
True
Is 155246323 a prime number?
True
Is 4465189 a composite number?
True
Is 15649949 a prime number?
False
Is 201317293 composite?
True
Is 29126261 composite?
False
Is 4779743 a composite number?
False
Is 12584701 prime?
False
Is 2963705 prime?
False
Is 44972047 composite?
True
Is 308467 a prime number?
True
Is 4531855 composite?
True
Is 860047 prime?
False
Is 6420571 composite?
True
Is 3860587 a composite number?
False
Is 4952861 prime?
True
Is 28021454 a composite number?
True
Is 11777801 a prime number?
False
Is 60749443 prime?
False
Is 394715141 a composite number?
False
Is 305203843 a prime number?
False
Is 1541051 composite?
False
Is 349923127 a prime number?
False
Is 8094167 prime?
False
Is 169537 a composite number?
True
Is 27704201 a prime number?
False
Is 86393 a prime number?
False
Is 249181 a prime number?
True
Is 43727137 a prime number?
True
Is 430399 prime?
False
Is 469487 prime?
True
Is 279759827 prime?
True
Is 25957067 a prime number?
True
Is 69033629 composite?
True
Is 35279551 a composite number?
True
Is 12538649 composite?
False
Is 64159 composite?
True
Is 35214071 a composite number?
False
Is 3463129 prime?
False
Is 27951473 a prime number?
False
Is 53460683 a prime number?
True
Is 46417069 a prime number?
True
Is 8954713 prime?
True
Is 3750917 composite?
False
Is 68136181 a prime number?
True
Is 1059469 a composite number?
True
Is 231169 a prime number?
True
Is 31876441 a composite number?
False
Is 19329389 a composite number?
True
Is 12466367 prime?
True
Is 222374657 a composite number?
False
Is 1797203 a prime number?
True
Is 23554337 a prime number?
True
Is 21803363 a prime number?
False
Is 2009769 a composite number?
True
Is 53393369 a prime number?
True
Is 9380303 a prime number?
False
Is 15053387 a prime number?
True
Is 262138463 a prime number?
True
Is 5846187 a prime number?
False
Is 62705773 a composite number?
True
Is 8760779 prime?
True
Is 24912023 a composite number?
False
Is 400730381 a prime number?
False
Is 73501669 composite?
True
Is 25588631 composite?
False
Is 3509237 a composite number?
True
Is 346982627 a composite number?
False
Is 246146687 prime?
True
Is 1012743323 prime?
True
Is 531259 prime?
False
Is 61334459 a prime number?
True
Is 16893727 a composite number?
True
Is 106509119 a composite number?
False
Is 1472909 composite?
False
Is 255617579 composite?
True
Is 68490409 a prime number?
False
Is 2728199 composite?
False
Is 70979921 prime?
False
Is 2476219 prime?
True
Is 5305505 a prime number?
False
Is 167017339 a prime number?
False
Is 44591347 a prime number?
False
Is 382289663 a prime number?
False
Is 4134863 a prime number?
False
Is 2409937 a composite number?
True
Is 388187 a prime number?
True
Is 5653073 a composite number?
False
Is 697989 prime?
False
Is 25087651 a prime number?
False
Is 10012283 composite?
True
Is 42271381 composite?
True
Is 71736979 prime?
False
Is 69910417 a composite number?
True
Is 5010193 a prime number?
False
Is 21009679 composite?
False
Is 1106515 prime?
False
Is 897017 composite?
True
Is 470086399 a prime number?
False
Is 1536673 a composite number?
False
Is 479145167 prime?
False
Is 52788139 prime?
True
Is 14795293 prime?
True
Is 11063929 a prime number?
True
Is 13785587 prime?
True
Is 173100761 a prime number?
False
Is 4696751 composite?
True
Is 31758317 a composite number?
False
Is 68064083 a prime number?
True
Is 21595199 a prime number?
False
Is 146915491 a composite number?
True
Is 637409 a prime number?
True
Is 32862691 a prime number?
False
Is 1297313 a composite number?
False
Is 5000741 a prime number?
True
Is 2726081 a composite number?
False
Is 37813205 prime?
False
Is 3214949 prime?
True
Is 155255489 composite?
False
Is 3911899 a composite number?
True
Is 14684699 prime?
True
Is 252373 a prime number?
False
Is 3531547 composite?
True
Is 26772971 composite?
False
Is 79433461 prime?
True
Is 325651 composite?
True
Is 127133713 composite?
True
Is 20879053 composite?
True
Is 8193059 a composite number?
True
Is 81883 prime?
True
Is 118594271 a composite number?
True
Is 1229869 composite?
False
Is 30735719 a prime number?
False
Is 19132817 a prime number?
False
Is 63390095 prime?
False
Is 2911679 prime?
True
Is 9882601 composite?
False
Is 456091 a prime number?
True
Is 538349 composite?
True
Is 216695059 a composite number?
True
Is 125193217 prime?
False
Is 181440057 prime?
False
Is 1623157 prime?
True
Is 8007821 a prime number?
True
Is 46389121 a composite number?
False
Is 4828723 composite?
False
Is 6601753 prime?
False
Is 14312369 prime?
False
Is 21863213 a composite number?
True
Is 417863 prime?
True
Is 222933 composite?
True
Is 483043 prime?
False
Is 6824067 a composite number?
True
Is 5282113 prime?
False
Is 31570877 a composite number?
True
Is 160962157 a composite number?
False
Is 1031117 prime?
True
Is 7938977 a composite number?
False
Is 1676111 a prime number?
True
Is 41435887 composite?
True
Is 221734321 prime?
True
Is 4274579 a composite number?
False
Is 689401243 prime?
True
Is 20973367 prime?
True
Is 5934949 a prime number?
True
Is 3803977 prime?
True
Is 20420119 composite?
False
Is 20045827 prime?
True
Is 2732813 prime?
True
Is 43366439 composite?
True
Is 1193303 composite?
False
Is 70818859 prime?
True
Is 8078801 a composite number?
True
Is 2658751 composite?
False
Is 521422669 composite?
True
Is 98140829 a composite number?
False
Is 9373759 a prime number?
True
Is 36476551 prime?
False
Is 5911187 a composite number?
True
Is 30200941 a prime number?
True
Is 58997399 a prime number?
False
Is 56165969 composite?
False
Is 72799523 composite?
False
Is 49139251 a prime number?
False
Is 261813833 composite?
True
Is 13530017 a composite number?
False
Is 664841399 a prime number?
True
Is 12534037 a prime number?
True
Is 66201361 composite?
False
Is 26099807 prime?
True
Is 155763485 composite?
True
Is 28307759 a prime number?
True
Is 4801003 prime?
False
Is 123610801 composite?
False
Is 16389797 a prime number?
True
Is 269305 prime?
False
Is 139773559 prime?
True
Is 5377663 a prime number?
False
Is 6788407 prime?
False
Is 39806927 a prime number?
True
Is 88956677 a prime number?
False
Is 942883 a prime number?
True
Is 82622863 composite?
False
Is 16607183 a composite number?
True
Is 9993743 a prime number?
True
Is 1914527 a prime number?
True
Is 96172997 composite?
False
Is 258016841 a prime number?
True
Is 2602453 composite?
True
Is 26539187 a prime number?
True
Is 33781121 a prime number?
False
Is 5480597 composite?
True
Is 13986157 prime?
True
Is 34366091 prime?
True
Is 10401361 prime?
True
Is 143561557 composite?
False
Is 197681 a prime number?
False
Is 10061059 a composite number?
True
Is 326887 a prime number?
False
Is 1914386 a prime number?
False
Is 4737989 a prime number?
False
Is 200273 composite?
False
Is 12137057 a composite number?
True
Is 83516647 a prime number?
False
Is 82517213 prime?
True
Is 21727451 composite?
False
Is 1014959 prime?
False
Is 4735349 composite?
False
Is 722953787 composite?
False
Is 436259 composite?
True
Is 10646639 a prime number?
False
Is 10484347 composite?
False
Is 48278047 composite?
False
Is 10469827 a prime number?
True
Is 23595559 a composite number?
True
Is 709663 composite?
False
Is 12129067 prime?
True
Is 74713979 composite?
False
Is 120562177 composite?
False
Is 70016851 prime?
True
Is 16934479 composite?
True
Is 70999139 a composite number?
False
Is 3103039 a prime number?
False
Is 879839 a prime number?
True
Is 14233379 composite?
False
Is 10885531 a prime number?
False
Is 248462443 a composite number?
False
Is 7053562 a composite number?
True
Is 361283569 a composite number?
Fa